{"id":867,"date":"2018-12-10T18:18:07","date_gmt":"2018-12-10T17:18:07","guid":{"rendered":"https:\/\/miloncircle.com\/?page_id=867"},"modified":"2020-09-15T09:59:55","modified_gmt":"2020-09-15T08:59:55","slug":"nove-rozdeleni-prijmu","status":"publish","type":"page","link":"https:\/\/miloncircle.com\/index.php\/nove-rozdeleni-prijmu\/","title":{"rendered":"MILON BEZ INVESTICE"},"content":{"rendered":"<h2><strong>ROZD\u011aLEN\u00cd P\u0158\u00cdJM\u016e<\/strong><\/h2>\n<ul>\n<li>\u017e\u00e1dn\u00e1 investice<\/li>\n<li><span style=\"font-size: 1rem;\">z\u00edsk\u00e1te nov\u00e9 klienty<\/span><\/li>\n<li><span style=\"font-size: 1rem;\">zv\u00fd\u0161\u00edte obrat<\/span><\/li>\n<\/ul>\n<h2><strong>CO TO ZNAMEN\u00c1 PRO V\u00c1S?<\/strong><\/h2>\n<p><span style=\"font-size: 1rem;\">Vedle st\u00e1vaj\u00edc\u00ed nab\u00eddky leasingu, nebo mo\u017enosti zakoupen\u00ed milon circle p\u0159ich\u00e1z\u00edme s Konceptem rozd\u011blen\u00ed p\u0159\u00edjm\u016f. Absolutn\u00ed novinka, kdy poskytneme 2 milon circle do 2 pe\u010dliv\u011b vybran\u00fdch fitness center. Obrac\u00edme se pr\u00e1v\u011b na v\u00e1s, proto\u017ee se domn\u00edv\u00e1me,\u017ee by v\u00e1s mohlo zaj\u00edmat, jak dostat milon circle do va\u0161eho fitness centra. Na konci ka\u017ed\u00e9ho m\u011bs\u00edce si jednodu\u0161e rozd\u011bl\u00edme p\u0159\u00edjmy z milon \u010dlenstv\u00ed, co\u017e je v\u00fdhodn\u00e9 pro ob\u011b strany.<\/span><\/p>\n<div class=\"page\" title=\"Page 1\">\n<div class=\"section\">\n<div class=\"layoutArea\">\n<div class=\"column\">\n<div class=\"page\" title=\"Page 6\">\n<div class=\"section\">\n<div class=\"layoutArea\">\n<div class=\"column\">\n<div class=\"page\" title=\"Page 6\">\n<div class=\"section\">\n<div class=\"layoutArea\">\n<div class=\"column\">\n<h2><strong>JAK TO FUNGUJE?<\/strong><\/h2>\n<p><span style=\"font-size: 1rem;\">Ve skute\u010dnosti je to velmi jednoduch\u00e9, my dod\u00e1me vybaven\u00ed a za\u0161kol\u00edme va\u0161e zam\u011bstnance v milon academy p\u0159\u00edmo ve va\u0161em fitness centru tak, aby porozum\u011bli cel\u00e9mu konceptu se v\u0161emi v\u00fdhodami, kter\u00e9 s sebou milon circle p\u0159in\u00e1\u0161\u00ed. Hlavn\u00ed my\u0161lenkou milon konceptu je oslovit \u00fapln\u011b novou c\u00edlovou skupinu.\u00a0<\/span><\/p>\n<\/div>\n<\/div>\n<\/div>\n<\/div>\n<\/div>\n<\/div>\n<\/div>\n<\/div>\n<h2><strong>V\u017dDY NAJDEME M\u00cdSTO A NOV\u00c9 \u010cLENY<\/strong><\/h2>\n<p><em>P\u0159ed:<\/em><img loading=\"lazy\" decoding=\"async\" class=\"wp-image-868 size-large aligncenter\" src=\"https:\/\/miloncircle.com\/wp-content\/uploads\/2018\/12\/07-kopie-1024x683.jpg\" alt=\"\" width=\"525\" height=\"350\" srcset=\"https:\/\/miloncircle.com\/wp-content\/uploads\/2018\/12\/07-kopie-1024x683.jpg 1024w, https:\/\/miloncircle.com\/wp-content\/uploads\/2018\/12\/07-kopie-300x200.jpg 300w, https:\/\/miloncircle.com\/wp-content\/uploads\/2018\/12\/07-kopie-768x512.jpg 768w\" sizes=\"auto, (max-width: 525px) 100vw, 525px\" \/><br \/>\nPo:<strong><img loading=\"lazy\" decoding=\"async\" class=\"aligncenter wp-image-869\" src=\"https:\/\/miloncircle.com\/wp-content\/uploads\/2018\/12\/05-kopie.jpg\" alt=\"\" width=\"525\" height=\"394\" srcset=\"https:\/\/miloncircle.com\/wp-content\/uploads\/2018\/12\/05-kopie.jpg 640w, https:\/\/miloncircle.com\/wp-content\/uploads\/2018\/12\/05-kopie-300x225.jpg 300w\" sizes=\"auto, (max-width: 525px) 100vw, 525px\" \/><\/strong><em><br \/>\nP\u0159ed:<img loading=\"lazy\" decoding=\"async\" class=\"aligncenter wp-image-870\" src=\"https:\/\/miloncircle.com\/wp-content\/uploads\/2018\/12\/17-B.jpg\" alt=\"\" width=\"525\" height=\"394\" srcset=\"https:\/\/miloncircle.com\/wp-content\/uploads\/2018\/12\/17-B.jpg 800w, https:\/\/miloncircle.com\/wp-content\/uploads\/2018\/12\/17-B-300x225.jpg 300w, https:\/\/miloncircle.com\/wp-content\/uploads\/2018\/12\/17-B-768x576.jpg 768w\" sizes=\"auto, (max-width: 525px) 100vw, 525px\" \/><br \/>\n<\/em><em>Po:<img loading=\"lazy\" decoding=\"async\" class=\"aligncenter wp-image-871\" src=\"https:\/\/miloncircle.com\/wp-content\/uploads\/2018\/12\/17C-OMEGA.png\" alt=\"\" width=\"525\" height=\"296\" srcset=\"https:\/\/miloncircle.com\/wp-content\/uploads\/2018\/12\/17C-OMEGA.png 620w, https:\/\/miloncircle.com\/wp-content\/uploads\/2018\/12\/17C-OMEGA-300x169.png 300w\" sizes=\"auto, (max-width: 525px) 100vw, 525px\" \/><\/em><\/p>\n<div class=\"page\" title=\"Page 6\">\n<div class=\"section\">\n<div class=\"layoutArea\">\n<div class=\"column\">\n<h2><strong><br \/>\nPOT\u0158EBUJI VY\u010cLENIT EXTRA S\u00c1L?<\/strong><\/h2>\n<p><span style=\"font-size: 1rem;\">Pro milon nepot\u0159ebujete \u017e\u00e1dn\u00fd speci\u00e1ln\u00ed s\u00e1l, prostor pro milon v\u017edy v ka\u017ed\u00e9m fitness centru najdeme, p\u0159edstavte si minim\u00e1ln\u00ed plochu o velikosti 6x6m2 (36m2). Pokud m\u00e1te nevyu\u017eit\u00fd prostor, nebo squashov\u00fd kurt, tak je to jedna z mo\u017enost\u00ed. Promysl\u00edme spolu s v\u00e1mi v\u0161echny varianty a vytvo\u0159\u00edme digit\u00e1ln\u00ed pl\u00e1n prostoru, abychom byli schopni vybrat nejlep\u0161\u00ed \u0159e\u0161en\u00ed.<\/span><\/p>\n<\/div>\n<\/div>\n<\/div>\n<\/div>\n<p><em>\u00a0<\/em><\/p>\n<p><img loading=\"lazy\" decoding=\"async\" class=\"alignnone wp-image-872 size-full\" src=\"https:\/\/miloncircle.com\/wp-content\/uploads\/2018\/12\/Schermafbeelding-2018-12-10-om-18.14.22.png\" alt=\"\" width=\"747\" height=\"560\" srcset=\"https:\/\/miloncircle.com\/wp-content\/uploads\/2018\/12\/Schermafbeelding-2018-12-10-om-18.14.22.png 747w, https:\/\/miloncircle.com\/wp-content\/uploads\/2018\/12\/Schermafbeelding-2018-12-10-om-18.14.22-300x225.png 300w\" sizes=\"auto, (max-width: 706px) 89vw, (max-width: 767px) 82vw, 740px\" \/><\/p>\n<div class=\"page\" title=\"Page 6\">\n<div class=\"section\">\n<div class=\"layoutArea\">\n<div class=\"column\">\n<h2><strong>CO O\u010cEK\u00c1V\u00c1 MILON NA OPL\u00c1TKU OD V\u00c1S?<\/strong><\/h2>\n<ul>\n<li>Na\u0161\u00ed zodpov\u011bdnost\u00ed je za\u0161kolit tren\u00e9ry, vysv\u011btlit jim, jak pracovat se v\u0161emi materi\u00e1ly konceptu, cenovou prezentac\u00ed, jak nastavovat klienty na stroj\u00edch milon circle, jak pou\u017e\u00edvat software atd. Zjednodu\u0161en\u011b \u0159e\u010deno v\u00e1s povedeme cel\u00fdm procesem.<\/li>\n<li>Va\u0161\u00ed zodpov\u011bdnost\u00ed pak bude poskytnout +\/-45m2, zam\u011bstnance, internet, elekt\u0159inu a budget na marketing.<\/li>\n<\/ul>\n<\/div>\n<\/div>\n<\/div>\n<\/div>\n<p><img loading=\"lazy\" decoding=\"async\" class=\"alignnone wp-image-873 size-full\" src=\"https:\/\/miloncircle.com\/wp-content\/uploads\/2018\/12\/Schermafbeelding-2018-12-10-om-18.15.15.png\" alt=\"\" width=\"748\" height=\"560\" srcset=\"https:\/\/miloncircle.com\/wp-content\/uploads\/2018\/12\/Schermafbeelding-2018-12-10-om-18.15.15.png 748w, https:\/\/miloncircle.com\/wp-content\/uploads\/2018\/12\/Schermafbeelding-2018-12-10-om-18.15.15-300x225.png 300w\" sizes=\"auto, (max-width: 706px) 89vw, (max-width: 767px) 82vw, 740px\" \/><\/p>\n<\/div>\n<\/div>\n<\/div>\n<\/div>\n","protected":false},"excerpt":{"rendered":"<p>ROZD\u011aLEN\u00cd P\u0158\u00cdJM\u016e \u017e\u00e1dn\u00e1 investice z\u00edsk\u00e1te nov\u00e9 klienty zv\u00fd\u0161\u00edte obrat CO TO ZNAMEN\u00c1 PRO V\u00c1S? Vedle st\u00e1vaj\u00edc\u00ed nab\u00eddky leasingu, nebo mo\u017enosti zakoupen\u00ed milon circle p\u0159ich\u00e1z\u00edme s Konceptem rozd\u011blen\u00ed p\u0159\u00edjm\u016f. Absolutn\u00ed novinka, kdy poskytneme 2 milon circle do 2 pe\u010dliv\u011b vybran\u00fdch fitness center. Obrac\u00edme se pr\u00e1v\u011b na v\u00e1s, proto\u017ee se domn\u00edv\u00e1me,\u017ee by v\u00e1s mohlo zaj\u00edmat, jak dostat &hellip; <\/p>\n<p class=\"link-more\"><a href=\"https:\/\/miloncircle.com\/index.php\/nove-rozdeleni-prijmu\/\" class=\"more-link\">Continue reading<span class=\"screen-reader-text\"> &#8220;MILON BEZ INVESTICE&#8221;<\/span><\/a><\/p>\n","protected":false},"author":5,"featured_media":0,"parent":0,"menu_order":0,"comment_status":"closed","ping_status":"closed","template":"","meta":{"footnotes":""},"class_list":["post-867","page","type-page","status-publish","hentry"],"_links":{"self":[{"href":"https:\/\/miloncircle.com\/index.php\/wp-json\/wp\/v2\/pages\/867","targetHints":{"allow":["GET"]}}],"collection":[{"href":"https:\/\/miloncircle.com\/index.php\/wp-json\/wp\/v2\/pages"}],"about":[{"href":"https:\/\/miloncircle.com\/index.php\/wp-json\/wp\/v2\/types\/page"}],"author":[{"embeddable":true,"href":"https:\/\/miloncircle.com\/index.php\/wp-json\/wp\/v2\/users\/5"}],"replies":[{"embeddable":true,"href":"https:\/\/miloncircle.com\/index.php\/wp-json\/wp\/v2\/comments?post=867"}],"version-history":[{"count":21,"href":"https:\/\/miloncircle.com\/index.php\/wp-json\/wp\/v2\/pages\/867\/revisions"}],"predecessor-version":[{"id":878,"href":"https:\/\/miloncircle.com\/index.php\/wp-json\/wp\/v2\/pages\/867\/revisions\/878"}],"wp:attachment":[{"href":"https:\/\/miloncircle.com\/index.php\/wp-json\/wp\/v2\/media?parent=867"}],"curies":[{"name":"wp","href":"https:\/\/api.w.org\/{rel}","templated":true}]}}